he third derivative of 3*q**6/40 - q**4/12 + q**3/6 + q**2. Calculate v(j).
8
Suppose -57*p = -27*p - 5*p - 25. Let u(d) = d**2 - d + 1. Give u(p).
1
Let r(j) be the third derivative of j**5/60 - 29*j**4/24 + 65*j**3/2 - j**2 - 10*j - 34. What is r(18)?
-3
Let i(t) = 6*t + 68. Let x be i(-11). Let h(d) = 32*d - 97*d + 32*d + 34*d + x. Let w = -4 - -1. Calculate h(w).
-1
Let s(j) = -3*j + j - 3 - 19*j**2 + 23*j**2 + j**3. Let q be (52 - 49)*2/(-3). Give s(q).
9
Let w(v) = v**3 + 8*v**2 - v + 11. Let j(m) = 42*m**2 - 1260*m - 8. Let t be j(30). Determine w(t).
19
Let y be 1/(16/10 + 2294/(-1240)). Let a(u) = -u**2 + 9*u + 53. Give a(y).
1
Let d(p) be the third derivative of p**5/60 + 11*p**4/24 + 13*p**3/6 - 284*p**2. Determine d(-10).
3
Let x(l) = l**2 + 104028*l + l**3 - 52014*l - 52014*l + 10. Let d = 5 + -5. Determine x(d).
10
Let x(z) be the first derivative of z**2 - 30*z + 4705. Give x(-4).
-38
Suppose -6*s = 4*s + 2290. Let f = 230 + s. Let u(q) = -9*q**2. Give u(f).
-9
Let t(i) = -1676493 + 4*i + 1676513 + 4*i + i**2. Give t(-5).
5
Let a be (-2 + 7)*-1 - (-1310 - 5). Suppose 0 = a*y - 1316*y - 24. Let w(s) = 2*s + 3. What is w(y)?
-5
Let v = 14 + 2. Suppose -3*u - v = -t, 3*t - 8 = 4*t + 3*u. Let r(f) = 2*f + 2*f - 8*f + t. Determine r(4).
-12
Let j(h) be the third derivative of h**4/4 + h**3/3 - 7*h**2. Let s(i) = 4*i + 1. Let r be -3*(-20)/24*-2. Let u(g) = r*j(g) + 8*s(g). What is u(4)?
6
Suppose -h = -3*h - 2. Let q(i) = -216*i + 420*i - 192*i. What is q(h)?
-12
Let j be (0 + -2 - 0) + -168. Let a = 164 + j. Let x(y) = -y**2 - 4*y + 8. What is x(a)?
-4
Let p be ((-21)/(-15))/(6*(-2)/(-60)). Suppose -4*n - 3*i + p*i = -40, -4*n + 28 = -i. Let b(y) = -y**2 + 4*y. Calculate b(n).
-12
Let u(k) = -2*k**2 + 7*k - 15. Suppose -2 = -2*y - 3*q - 9, 2*y - 2*q - 28 = 0. Calculate u(y).
-64
Let g(m) be the second derivative of m**3/6 + 21*m**2/2 - 40*m. What is g(-23)?
-2
Let d(o) be the second derivative of -4*o + o**3 - 1/2*o**2 + 7. Determine d(-2).
-13
Let p = 7 - 11. Let r(s) be the third derivative of -s**6/120 - s**5/20 + 5*s**4/24 + s**3 - 3*s**2 - 245*s - 3. What is r(p)?
2
Let q(d) be the third derivative of -d**6/60 + d**5/5 - d**3/2 - d**2 - 126. Calculate q(6).
-3
Let u(i) = 3*i**2 + 11*i. Let w(y) = 13*y**2 + 55*y + 5. Let p(d) = -4*u(d) + w(d). Suppose -30 = -a + 4*a. Give p(a).
-5
Suppose -4*h + 8 = 5*w - 29, 3*h - 3*w = -6. Let y(o) = -2*o. Let n(z) = -5*z - 1. Let a(i) = h*n(i) - 7*y(i). Let v be (3 + (-9)/6)*42/(-9). Give a(v).
4
Let v(s) = s**2 + 18*s. Let r(t) = -t**3 + t**2 - 7*t + 1. Let x be r(2). Give v(x).
-17
Suppose 10218*t - 10215*t = -3*x - 54, 0 = -2*x + 3*t + 4. Let b(q) = q + q - 2 + q. Calculate b(x).
-32
Let h(d) = d**2 - 9*d + 3. Let j(p) = 3*p + 53. Let a = 111 + -126. Let b be j(a). Give h(b).
-5
Let g(z) = 3*z**2 + 16*z - 14. Let r = 33893 - 33899. Give g(r).
-2
Let z(f) be the second derivative of f**3/6 + f**2/2 + 182*f. Let m(g) = -7*g - 4. Let i(b) = m(b) + 3*z(b). What is i(2)?
-9
Let b(g) be the first derivative of -3*g**2/2 - g - 330. Suppose 5*u = 4 + 6. Suppose 2*h = 4 + u. What is b(h)?
-10
Let a(b) = -5 + b + 2 + b**2 + b. Let k(f) = -f**3 - 6*f**2 + 38*f + 5. Let m be k(4). Calculate a(m).
0
Let y = -766 + 752. Let u(p) = p**2 + 11*p - 44. Calculate u(y).
-2
Let t = 124 - 121. Let k(m) = 23*m**3 - 4 - 2*m - 3*m**2 + 9 - t - 22*m**3. Determine k(2).
-6
Let u(k) = -3*k**2 - 3*k + 29. Let q(p) = -4*p**2 - 4*p + 41. Let w(n) = 5*q(n) - 7*u(n). Calculate w(4).
22
Let d(s) be the third derivative of 0*s**3 + 0*s + 1/120*s**6 + 0 - 1/12*s**4 - 1/20*s**5 - 67*s**2. Give d(2).
-8
Let s(l) = 20275*l + 20284*l - 60833*l - 2*l**2 + 4 + 20276*l. Suppose 17 = 5*p + z, 2*p + 2*z - 2 = -0. What is s(p)?
-20
Let q be (3 - 7)/(2/(-30)). Suppose -4*m - 4*g - q = 0, 4*g = -2*m - 3*m - 75. Let h(v) = v + 9. Let r be h(m). Let p(s) = s + 6. Determine p(r).
0
Let k(l) = -l. Suppose 5*t - 2*z = 15 + 11, 0 = t - 5*z + 4. Let o be 70/(11 - 6) - t. What is k(o)?
-8
Let o(s) = -s**3 + 9*s**2 - 16*s + 1. Suppose -833 = -354*w - 569 + 2214. Determine o(w).
-13
Let s(o) = -o**2 - 7*o - 4. Let l be s(-4). Suppose 9*y - 5*y = l. Let j(t) = t**2 - t**2 - 2*t**2 + t**y + 3*t + 2. Determine j(4).
-2
Let j(z) = 12 - 18 + 15 - 7*z - 11 - z**2. Let n be (-135)/30 + 1/2. Calculate j(n).
10
Let m(z) = 9*z**2 - 6*z. Let p = 60 - 58. Let w(n) = 2*n + 2*n**p - 19*n + 4*n**2 + 21*n**2. Let o(u) = -17*m(u) + 6*w(u). What is o(-1)?
9
Let r(v) = v**3 + 7*v**2 - 10*v + 78. Let f be r(-9). Let x(y) = y**2 - 50. Determine x(f).
-14
Let g(c) = -4*c**2 + c. Suppose -5*k = -47 + 37. Let y(r) = 2*r - 15. Let l be y(6). Let b = l + k. Calculate g(b).
-5
Let u = -52 - -54. Let p be -2 + u - -3 - -24. Suppose -p = -5*t + 8. Let a(n) = n**2 - 7*n + 9. What is a(t)?
9
Let z(i) = 4*i - 15. Let k(s) = 9*s - 31. Let g(t) = 2*k(t) - 5*z(t). Suppose 12*p - 4*p = 56. Let f be 1 + p + -3*(-4)/12. What is g(f)?
-5
Let s(q) = q + 19*q**2 - 46*q**2 + 6*q**2 - 6 + 7*q**2 + 13*q**2. Let c be (-9)/(0 - -3) + (-2 - -5). Calculate s(c).
-6
Let m = -690 + 298. Let f = m + 388. Let a(c) = 13*c + 3. Let z(q) = -7*q - 1. Let s(k) = -4*a(k) - 7*z(k). Give s(f).
7
Suppose -m - 4*c = 3, 5*m - 2*c + 4 - 11 = 0. Let h(g) = 3586 + g - 3586. Give h(m).
1
Suppose 5*d - 4 = -f + 7, 0 = f - 1. Suppose -4*t + 2*t = -5*u + 2, -3*t - 14 = -d*u. Let a(l) = -l**2 - 7*l - 6. Calculate a(t).
0
Let z(o) = o**2 + 4*o - 12. Let w(k) = 10*k**3 + 301*k**2 + 34*k + 115. Let t be w(-30). Calculate z(t).
-7
Let f(v) be the third derivative of -203*v**2 - 1/6*v**4 + 5/6*v**3 + 0 + 0*v. What is f(-4)?
21
Let l(h) = -2*h**3 - 2*h**2 + 1. Let o be l(-1). Let k = -131 - -137. Let x(a) = 5*a + 8. Let d(n) = 11*n + 17. Let b(u) = k*d(u) - 13*x(u). What is b(o)?
-1
Let k(p) = p**3 + 4*p**2 + 2*p + 1. Let s(n) = -2*n - n**3 - 2*n**2 - 4*n + 2*n + 1 + 3*n. Let f(u) = k(u) + 2*s(u). Calculate f(0).
3
Suppose y - 8 = -4*g, -3*g = -2*y - g - 14. Let q be y/(-30) - 141/45. Let x(d) be the third derivative of -d**5/60 - d**4/8 + 5*d**2 + 3. What is x(q)?
0
Let f = 105 + -118. Let b be f + 8/(-10)*-5. Let h(n) = -n**3 - 9*n**2 + 3*n + 6. Calculate h(b).
-21
Suppose 3*r = 4*f + 26, -5*r + 15 = -3*f + 2*f. Let t = 106 - -33. Let n(g) = -t*g + g**r + 66*g - 5 + 69*g. What is n(5)?
0
Let d(v) be the second derivative of -v**3/6 - v**2/2 - 2*v + 1070. Calculate d(-2).
1
Suppose 3 = l + 3*m, l - 7*m - 3 = -3*m. Let t be 12/(-36) + 7/l. Let v = t + 4. Let c(k) = k**2 - 2*k. Calculate c(v).
24
Let h(o) = -5*o**3 - 35*o**2 + 2*o - 74. Let s(u) = 11*u**3 + 71*u**2 - 5*u + 148. Let v(a) = -9*h(a) - 4*s(a). Determine v(-31).
12
Suppose 19*x = -23*x + 504. Let a(o) = -15 - 21*o**2 - 12 + o**3 + 32*o + 4 + o**2 - x*o. Determine a(19).
-4
Let o(q) = q - 22. Let s = -1050 + 1050. What is o(s)?
-22
Let f(z) = -z**3 - 17*z**2 - 5*z - 25. Suppose 3*d + 58 = -5*u, 95*u = 94*u - d - 8. Determine f(u).
60
Let r(u) = -u**3 + 2*u**2 + u - 1. Let o(i) = i**2 + 4*i - 11. Let s be o(5). Let a be 7 - 10 - (1 - 36). Let f = s - a. Give r(f).
1
Let x(r) = r**3 - 22*r**2 - 50*r + 40. Let v(t) = t**2 - 44*t + 339. Let u be v(35). What is x(u)?
-8
Let w(d) = -d**3 + 4*d**2 - 2*d + 1. Let n = -3 - -101. Let s = n + -95. Determine w(s).
4
Let p(l) = -l**3. Let w(a) = 5*a**3 + 6*a**2 + 3*a. Let z(d) = 4*p(d) + w(d). Let q be z(-5). Let n(u) = -19*u + 8*u + q*u - 4 + 0. Calculate n(3).
-7
Let r(a) = a - 2. Let q = 437 + -433. Suppose q*s = -3*p - 41, -2*s = -4*s - 4*p - 28. Give r(s).
-10
Let q(v) = -v**2 + 10*v - 12. Suppose 0 = 4*c + 2*g - 710, 3*c = 21*g - 22*g + 534. Suppose 0 = 16*t - c + 35. Give q(t).
-3
Let n(p) = -p + 16. Let z be n(12). Let f(l) be the third derivative of -l**5/60 + l**4/6 - l**3 + 25*l**2 - 6*l. Give f(z).
-6
Let q(d) = -d**2 - 6*d + 8. Let g(v) = 4*v - 5. Let a(i) = -3*i + 4. Let c(o) = 6*a(o) + 5*g(o). Let l(x) = c(x) + q(x). What is l(-5)?
2
Let r(z) be the second derivative of z**5/20 - 5*z**4/12 + z**3/2 + 2*z. Suppose 0 = -23*l - 500 - 1110. Let t = l + 74. Calculate r(t).
-4
Let q(p) = -p**2 + 18*p + 6. Let o be (-2)/9 + ((-2)/(-6) - 17784/(-1053)). Calculate q(o).
23
Let h(r) = -r**2 + 2*r + 10. Let i(s) = -s - 2. Let c(z) = -h(z) - 3*i(z). Let q(t) be the first derivative of -t**2 + 11*t + 7. Let y be q(8).